
7
What is the hundred thousands digit of 1642020?
6
What is the hundred thousands digit of 796093?
7
What is the hundreds digit of 11666305?
3
What is the ten thousands digit of 88522?
8
What is the units digit of 465916?
6
What is the tens digit of 4583662?
6
What is the tens digit of 327837?
3
What is the hundred thousands digit of 1006936?
0
What is the ten thousands digit of 155341?
5
What is the tens digit of 322652?
5
What is the hundreds digit of 15616403?
4
What is the thousands digit of 75403?
5
What is the ten thousands digit of 10052410?
5
What is the ten thousands digit of 5192115?
9
What is the ten thousands digit of 815526?
1
What is the ten thousands digit of 772368?
7
What is the millions digit of 33947271?
3
What is the units digit of 552670?
0
What is the hundreds digit of 2963989?
9
What is the hundred thousands digit of 1244045?
2
What is the hundreds digit of 280855?
8
What is the units digit of 183014?
4
What is the ten thousands digit of 8832146?
3
What is the tens digit of 1693666?
6
What is the millions digit of 1304419?
1
What is the millions digit of 25938157?
5
What is the hundred thousands digit of 16776443?
7
What is the hundreds digit of 2521083?
0
What is the thousands digit of 1284414?
4
What is the thousands digit of 644140?
4
What is the hundred thousands digit of 2040558?
0
What is the millions digit of 8104400?
8
What is the hundreds digit of 3663825?
8
What is the thousands digit of 237575?
7
What is the millions digit of 26141481?
6
What is the hundred thousands digit of 1248233?
2
What is the hundred thousands digit of 219258?
2
What is the units digit of 760167?
7
What is the tens digit of 1097531?
3
What is the tens digit of 48411?
1
What is the tens digit of 7315659?
5
What is the ten thousands digit of 1381687?
8
What is the hundred thousands digit of 1390832?
3
What is the hundreds digit of 704007?
0
What is the hundreds digit of 7842556?
5
What is the hundreds digit of 5010428?
4
What is the thousands digit of 243078?
3
What is the units digit of 19007?
7
What is the tens digit of 59398?
9
What is the thousands digit of 3326995?
6
What is the hundreds digit of 9194329?
3
What is the hundreds digit of 10887286?
2
What is the thousands digit of 488990?
8
What is the tens digit of 233521?
2
What is the ten thousands digit of 506037?
0
What is the hundred thousands digit of 144940?
1
What is the units digit of 55815?
5
What is the ten thousands digit of 1126575?
2
What is the ten thousands digit of 163168?
6
What is the ten thousands digit of 87756?
8
What is the thousands digit of 268590?
8
What is the millions digit of 2349082?
2
What is the thousands digit of 155275?
5
What is the units digit of 25538955?
5
What is the ten thousands digit of 69498?
6
What is the ten thousands digit of 2442050?
4
What is the hundred thousands digit of 651325?
6
What is the units digit of 232662?
2
What is the tens digit of 262550?
5
What is the units digit of 799379?
9
What is the millions digit of 8638958?
8
What is the units digit of 61781?
1
What is the millions digit of 4022636?
4
What is the hundreds digit of 313994?
9
What is the hundreds digit of 134691?
6
What is the ten millions digit of 16691764?
1
What is the hundreds digit of 13913273?
2
What is the ten thousands digit of 11702617?
0
What is the thousands digit of 1895450?
5
What is the ten thousands digit of 585809?
8
What is the thousands digit of 8210114?
0
What is the thousands digit of 439566?
9
What is the tens digit of 10148753?
5
What is the thousands digit of 1722697?
2
What is the hundreds digit of 9128167?
1
What is the tens digit of 1010835?
3
What is the millions digit of 12846984?
2
What is the tens digit of 928755?
5
What is the tens digit of 78936?
3
What is the tens digit of 196430?
3
What is the ten thousands digit of 74561?
7
What is the hundreds digit of 646611?
6
What is the tens digit of 8220398?
9
What is the tens digit of 224121?
2
What is the thousands digit of 4229918?
9
What is the tens digit of 828775?
7
What is the hundreds digit of 301597?
5
What is the thousands digit of 262970?
2
What is the tens digit of 1309397?
9
What is the thousands digit of 2613052?
3
What is the ten millions digit of 31636312?
3
What is the ten thousands digit of 453293?
5
What is the ten thousands digit of 339010?
3
What is the hundreds digit of 1199125?
1
What is the tens digit of 10213819?
1
What is the thousands digit of 22564?
2
What is the hundred thousands digit of 1531952?
5
What is the ten thousands digit of 256905?
5
What is the hundred thousands digit of 323534?
3
What is the ten millions digit of 28259543?
2
What is the hundreds digit of 810288?
2
What is the ten thousands digit of 3443187?
4
What is the units digit of 3332360?
0
What is the thousands digit of 864851?
4
What is the units digit of 384568?
8
What is the hundreds digit of 55023?
0
What is the tens digit of 475520?
2
What is the ten thousands digit of 769206?
6
What is the millions digit of 1100421?
1
What is the units digit of 19264?
4
What is the hundreds digit of 1367003?
0
What is the tens digit of 142813?
1
What is the thousands digit of 393364?
3
What is the hundreds digit of 316576?
5
What is the ten thousands digit of 547398?
4
What is the ten thousands digit of 1869224?
6
What is the units digit of 602690?
0
What is the units digit of 2457444?
4
What is the millions digit of 2948875?
2
What is the thousands digit of 243336?
3
What is the thousands digit of 1504587?
4
What is the tens digit of 707846?
4
What is the units digit of 101891?
1
What is the ten thousands digit of 5638924?
3
What is the thousands digit of 182320?
2
What is the hundred thousands digit of 1284396?
2
What is the tens digit of 1193729?
2
What is the ten thousands digit of 779368?
7
What is the thousands digit of 25858990?
8
What is the ten thousands digit of 3276020?
7
What is the tens digit of 878894?
9
What is the thousands digit of 1503864?
3
What is the units digit of 2482303?
3
What is the ten thousands digit of 210065?
1
What is the thousands digit of 2371544?
1
What is the ten thousands digit of 1154507?
5
What is the millions digit of 10778855?
0
What is the ten thousands digit of 315621?
1
What is the hundred thousands digit of 217314?
2
What is the thousands digit of 3054148?
4
What is the ten thousands digit of 3337705?
3
What is the ten thousands digit of 2085745?
8
What is the tens digit of 105912?
1
What is the thousands digit of 661585?
1
What is the thousands digit of 563360?
3
What is the hundreds digit of 44080?
0
What is the hundreds digit of 5175477?
4
What is the tens digit of 7588364?
6
What is the tens digit of 80578?
7
What is the ten thousands digit of 3762763?
6
What is the units digit of 2230302?
2
What is the ten thousands digit of 281036?
8
What is the tens digit of 9881742?
4
What is the hundreds digit of 949640?
6
What is the units digit of 49508?
8
What is the hundreds digit of 569512?
5
What is the thousands digit of 4412529?
2
What is the tens digit of 41774?
7
What is the tens digit of 392898?
9
What is the hundreds digit of 4315445?
4
What is the hundreds digit of 13113019?
0
What is the units digit of 8711116?
6
What is the thousands digit of 172769?
2
What is the tens digit of 2276746?
4
What is the thousands digit of 112595?
2
What is the thousands digit of 188991?
8
What is the tens digit of 7879934?
3
What is the tens digit of 473066?
6
What is the units digit of 13811?
1
What is the units digit of 4113470?
0
What is the tens digit of 16032324?
2
What is the ten thousands digit of 2623323?
2
What is the tens digit of 1123510?
1
What is the hundred thousands digit of 770459?
7
What is the millions digit of 1361945?
1
What is the ten thousands digit of 211836?
1
What is the ten thousands digit of 20941758?
4
What is the hundred thousands digit of 340928?
3
What is the ten millions digit of 10342535?
1
What is the hundreds digit of 114634?
6
What is the millions digit of 1593527?
1
What is the hundreds digit of 15796899?
8
What is the units digit of 226456?
6
What is the hundred thousands digit of 1523546?
5
What is the hundred thousands digit of 670621?
6
What is the ten thousands digit of 208506?
0
What is the ten thousands digit of 10124968?
2
What 